
What is the value of 0 - 14 - (-139 + 131)?
-6
-2 - (1 - (3 - (-14 - -6)))
8
4 + (-1 - (-5 - (-4 + -1)))
3
Calculate (-15 - -19) + (1 - 0).
5
Calculate (-6 - -3 - -10) + -2.
5
What is 9 + 1 + (-4 - -2) + -3?
5
Evaluate -2 - -4 - (-3 - -6).
-1
Calculate -14 + 0 + (-4 - -14).
-4
What is the value of (-4 + 4 - -1) + -1?
0
(1 - 3 - (1 - 0)) + -4
-7
What is the value of 0 + 7 + (-3 - 5) + 3?
2
7 + (5 - (7 - 0))
5
What is -4 + (-7 - -4) + 2?
-5
Calculate (-13 + 14 - 5) + -6.
-10
What is -10 - (-8 - (1 - 2))?
-3
What is (2 - 5) + (-1 - (6 - 15))?
5
-4 + (1 - -4) + (-2 - -1)
0
Calculate (1 - -4 - 7) + 2.
0
What is the value of 12 - (7 - -7 - 6) - 4?
0
What is 6 - (18 + -1 - 8)?
-3
5 + -12 - -5 - 6
-8
-1 - -7 - (9 - 1)
-2
What is -6 + 7 + -9 + 12?
4
Evaluate -1 + 10 + -7 - (1 - 4).
5
Evaluate (2 - 2) + (3 - 0).
3
Calculate -8 - (2 + -2) - (4 + -12).
0
Calculate 13 + (7 - (13 - -3)).
4
0 + (5 - (0 - 1)) + 2
8
What is 8 + 9 + -17 - (6 - 1)?
-5
-2 - (2 + -2 - (2 - 4))
-4
-3 - -1 - (-16 - -19)
-5
Evaluate -2 - 2 - (12 - 19).
3
What is the value of 6 + -21 + 9 + 2?
-4
What is the value of -16 + 19 - (1 + 0)?
2
3 + -1 + (1 - 4) + 3
2
What is the value of 10 - (10 + -5) - 0?
5
Evaluate 6 + (4 - (-1 + 1 - -4)).
6
Evaluate 2 + 0 + (-7 - -14).
9
What is the value of 8 + -4 - 4 - 7?
-7
What is the value of (-5 - -5) + -1 + -3 + 1?
-3
What is -7 - (-4 - 1) - -3?
1
What is the value of (-1 + 3 + -3 - 1) + 2?
0
(2 - 1) + -3 - 1
-3
Calculate (-2 - -10) + -10 + (-8 - -2).
-8
What is the value of 4 - (0 + 1 + (3 - 4))?
4
What is the value of (-1 - -3) + (21 - 26)?
-3
6 - (14 - 2) - -5
-1
8 - (3 - (1 - 4))
2
Evaluate (-4 - (8 + -1)) + 7.
-4
Calculate -18 + 14 - -14 - 19.
-9
-1 - (-4 - -10 - (3 + -3))
-7
-4 - ((-10 - 3) + 6) - -2
5
Calculate -1 - (0 + -2 - (2 + -1)).
2
-2 - (-17 - (-9 - 1))
5
(-3 - -4) + 4 + -4
1
What is 8 - 2 - (2 + 8) - -9?
5
-4 + 7 + (0 - -13) + -8
8
What is -2 - -5 - (0 - -5)?
-2
What is the value of -2 - (-5 + -3 + 2 - 0)?
4
Evaluate -7 + -9 + -4 + 15.
-5
What is the value of 3 + (1 - 1) - (12 + -8)?
-1
Evaluate (1 - -7 - 4) + 1.
5
Evaluate (-6 - 0) + (7 - (12 + -5)).
-6
Evaluate 8 - 1 - (8 - -10 - 14).
3
6 + -3 - (1 + (2 - 4))
4
-3 + (-1 + -1 - (-13 - -10))
-2
Evaluate -3 - (4 + -11) - (5 + -3).
2
Evaluate 3 - (7 - -3) - -6.
-1
What is the value of 8 - 3 - ((3 - -2) + 3)?
-3
What is -19 + -2 + 3 + 10?
-8
Evaluate 2 - ((0 - 3) + 4 + 2).
-1
-3 - (-3 + 9 - 4)
-5
Evaluate -1 + -10 + 3 + 4.
-4
Evaluate (-4 - (-6 + 0)) + 0.
2
Evaluate -9 + (-9 - -33 - 9).
6
What is 0 + (4 + -1 - 6)?
-3
Calculate 4 + (-2 - -1) + -1.
2
What is 5 + (1 - 2 - 4)?
0
What is (-3 + 1 - 4) + 0?
-6
-2 - (0 + 4) - 0
-6
Calculate (15 - 7 - -2) + -11.
-1
Evaluate -3 - (-2 - ((1 - 0) + 2)).
2
What is the value of -3 - (4 + (-9 - -2))?
0
Calculate (0 - 2) + 0 + 4.
2
What is the value of 6 + (0 - 2) - 5?
-1
What is the value of (31 - 40) + (0 - -1) + 3?
-5
26 - 27 - (-1 + 2)
-2
What is -1 - -11 - (10 + 4 + -9)?
5
What is -4 + (1 - (-1 + -1)) + -4?
-5
What is (-15 - -15) + (2 - -5) + -1?
6
Evaluate 0 - ((1 - (3 + 1)) + 2).
1
Evaluate 5 - (2 - (-4 + 2)).
1
Calculate (6 - 6) + 4 - 0.
4
-9 + 2 + 53 + -44
2
What is the value of -2 + 0 - -1 - (0 - 0)?
-1
Evaluate (5 - -1) + 10 + -6 + -7.
3
2 + 0 + 8 + -9
1
Evaluate (4 - 2) + (2 + 0 - -1).
5
(0 - -3) + (-2 - 0 - 0)
1
Calculate (2 + 0 + -1 - -3) + -2.
2
Calculate -1 + 2 - 2 - (-5 - 0).
4
What is -3 + (-1 + 1 - -3) + -3?
-3
-1 + (-14 + 2 - -3) + 3
-7
What is -8 + 3 + 5 - 3?
-3
7 + (4 - 11) + 0
0
What is the value of 11 - (0 - -6 - 0) - 3?
2
Calculate 0 + 0 - (22 - 26).
4
What is the value of 3 + 4 + -6 + -3?
-2
Evaluate 2 - (2 + -2 - -4).
-2
What is (-14 - -16) + -2 + -2?
-2
What is the value of (-5 - -4) + (-7 - (-7 + 5))?
-6
Calculate -4 + 1 + 6 + -9.
-6
(26 - (-4 + 16)) + -17
-3
-1 - (-4 - -1) - (-11 + 15)
-2
Calculate -2 + (0 - (-2 - (-3 - -3))).
0
Evaluate (4 - 1) + (17 - 20).
0
Evaluate 9 + (0 - 11 - -4).
2
(-1 - (-4 - 1) - 0) + 1
5
What is 0 - (1 + 1) - (-6 + 7)?
-3
0 + (-6 - -8) - (11 - 3)
-6
Evaluate 7 - (1 - (-2 - 4)).
0
What is (-7 - 6 - -7) + 2?
-4
What is 7 + -6 - (0 - 1)?
2
What is -10 + 4 + (4 - 4)?
-6
What is the value of (1 - -1) + 1 + 1?
4
4 + (-2 - 2) + -2
-2
(-1 + 0 - 2) + (39 - 43)
-7
What is the value of -1 + 1 + (4 - 2 - 4)?
-2
(-2 - 1) + -18 + 20
-1
Calculate 4 + -5 + -4 + 1 + 6.
2
Evaluate 3 + -2 - (11 + -7).
-3
8 + -10 + (4 - (-1 + 3))
0
(-3 - 6 - -9) + 5
5
What is 5 - (0 + 4 + (-1 - 1))?
3
Calculate -2 - (1 - -7) - (-36 + 31).
-5
Calculate -1 + 1 - (3 + (10 - 13)).
0
Evaluate (1 - 1) + 1 + 5 - -1.
7
What is -88 + 83 + (-1 - -12)?
6
Evaluate 13 + 0 + (-31 - -15) + 8.
5
13 + -12 + 3 + 5
9
3 - (8 + (1 - 9))
3
What is (38 - 38) + -1 + -9?
-10
12 + 0 + -4 - (5 - 7)
10
Evaluate (-2 - 0) + (25 - 22).
1
What is -8 + (5 - -13) + -2?
8
(6 - (5 + 9)) + 3
-5
Evaluate -3 + 10 + -4 + -5.
-2
What is 1 + (0 - 6) + 3?
-2
1 + (-3 - (-1 - 1)) - -1
1
Calculate 6 + (-4 - -4) + -8.
-2
Evaluate 3 + -2 + 3 + 1.
5
Calculate -16 + 18 - ((7 - 2) + 2).
-5
What is -2 + 6 + -4 + 3?
3
Evaluate 2 - (-3 - (3 - 6)).
2
What is the value of 109 - 117 - (1 + (-3 - 1))?
-5
-7 - (-1 - (5 + -3))
-4
4 - 0 - (1 - 1) - -1
5
What is the value of 39 + -51 + (20 - -1)?
9
-4 - 6 - (-3 + -10)
3
Calculate 6 - 8 - (-2 - 0).
0
What is the value of -10 + 0 + (14 - 3 - 4)?
-3
What is the value of 7 - (2 + 20 + -12)?
-3
What is (-7 + 4 - 1) + (1 - -7)?
4
Calculate -1 + -10 + 4 + 3 + 5.
1
2 + 6 + 1 + -10
-1
What is -2 + 7 + -4 + 4 + -3?
2
Evaluate 0 + 3 + -4 + 2 + 1.
2
What is 0 - (-3 + 0) - (1 - -3)?
-1
-6 + -2 - (-15 - -7)
0
Calculate 11 - 2 - (-20 + 23).
6
What is (-1 - -1) + 0 - (-7 - -4)?
3
Calculate -6 + 11 + -11 + 3.
-3
What is 23 + -23 + 0 + 5?
5
What is -5 - (-9 - 8) - 4?
8
5 - (3 + -5) - (4 + 1)
2
Evaluate 7 + 0 - (-34 - -35) - 3.
3
What is 13 - 12 - (4 - 10)?
7
Calculate 7 + (2 - -1) + 1 + -6.
5
-3 - -3 - (5 + -2)
-3
Calculate (-7 - -20) + -10 + 8 + -2.
9
Evaluate 3 + -1 + (-10 - -4).
-4
Calculate 7 - (-4 - 6 - -7 - -4).
6
What is 4 - (-2 + 4 + -2) - 6?
-2
What is the value of 5 + -1 - (-26 + 35 + -9)?
4
Evaluate -9 + (1 + -1 - 0) + 4.
-5
Calculate -5 + (-5 + (2 - -2) - -2).
-4
2 - -1 - (-8 - (-12 + -5))
-6
What is the value of 219 + -226 - (-1 - 9)?
3
What is -24 + 24 - (0 + -6)?
6
(-1 + 3 + -3 - 2) + -1
-4
-11 + (-2 - -7) + 10
4
What is the value of -2 - 0 - ((-9 - -13) + -10)?
4
What is the value of 8 + (4 - 8) - 1?
3
What is the value of -14 - (5 + -19) - (5 + 0)?
-5
What is the value of 0 + 0 + -11 + 21 - 2?
8
Evaluate -7 + 20 + -12 + -1 + 6.
6
What is the value of 7 + -1 - (-22 - (-13 - 8))?
7
What is the value of (1 - (9 - 4)) + 4?
0
What is the value of (7 - 0) + -35 + 20?
-8
Calculate 0 + (4 - -1) - 6.
-1
-21 + 12 + 10 + 1 + 3
5
Evaluate 12 - 2 - 1 - (116 - 108).
1
Evaluate (-5 - 2 - -1) + 0.
-6
(-4 - (4 - (0 - -3))) + 8
3
What is the value of -6 + 8 + 6 + (-3 - -1)?
6
Calculate 2 - 1 - (13 - 11) - -3.
2
(0 - 2) + -5 - -5
-2
-3 + (3 - (-3 + -2 + 8))
-3
Calculate 1 + -8 - (1 + -14 + 6).
0
Evaluate 6 + -11 - -5 - (-1 - 1).
2
Calculate (-8 + 0 - -2 - -1) + 0.
-5
Evaluate -2 + 5 + -9 + 7.
1
1 - (3 - 5 - -3)
0
What is the value of 2 + -1 + (0 - (3 - 4))?
2
What is the value of 7 - (-14 + 8 - -10)?
3
3 - (7 - (-4 - (0 - 9)))
1
Calculate 9 - 2 - (12 + 1) - -9.
3
What is the value of 9 - (16 + (-8 - 1))?
2
-14 - -10 - (1 + -1)
-4
Evaluate -1 - (-6 + -3 + 1 + 2).
5
What is -2 + -2 + 3 + -1 + -1?
-3
Evaluate -2 - ((1 - -4) + -3).
-4
What is the value of -1 + 16 - (45 + -40) - 6?
4
Evaluate -5 + (3 - (8 - 13) - 1).
2
What is the value of -6 - ((-3 - 14) + 7 + -3)?
7
-4 - -1 - (31 + -35)
1
Evaluate 0 + 2 + -5 + -4 + 7.
0
Evaluate -1 + ((-12 - -6) + 1 - -13).
7
What is the value of -3 + 1 + 2 + 1 + 2?
3
Evaluate 0 - 2 - (12 + -10) - -3.
-1
Calculate (9 - (4 - -1)) + -7.
-3
(-3 - 2) + 4 + (0 - 6)
-7
What is the value of -5 + -1 - (19 - (45 - 21))?
-1
What is the value of 3 + -2 + (2 - 6 - -2)?
-1
What is -2 + -2 + -7 + 15 + -8?
-4
Evaluate 39 + -40 - (0 - 3) - -4.
6
What is -35 + 35 + 2 + (1 - -1)?
4
What is the value of (0 - -8) + (-20 - -16)?
4
(11 - 23) + 15 - (3 + 2)
-2
Evaluate -7 + (0 - -2 - 0).
-5
Calculate 5 + 5 + -2 + -4.
4
What is the value of (-1 - (-3 + 4)) + 4 + 0?
2
Evaluate -1 + 4 + -2 + 7 + -3.
5
What is the value of -1 - (0 - -10 - 7)?
-4
1 + (